{"id":30,"date":"2026-02-03T03:19:12","date_gmt":"2026-02-03T03:19:12","guid":{"rendered":"https:\/\/leticiahidalgo.com\/?page_id=30"},"modified":"2026-02-05T23:23:12","modified_gmt":"2026-02-05T23:23:12","slug":"politica-de-privacidad","status":"publish","type":"page","link":"https:\/\/leticiahidalgo.com\/?page_id=30","title":{"rendered":"Pol\u00edtica de privacidad"},"content":{"rendered":"\t\t<div data-elementor-type=\"wp-page\" data-elementor-id=\"30\" class=\"elementor elementor-30\" data-elementor-post-type=\"page\">\n\t\t\t\t\t\t<section class=\"elementor-section elementor-top-section elementor-element elementor-element-c5ca460 elementor-section-boxed elementor-section-height-default elementor-section-height-default elementor-invisible\" data-id=\"c5ca460\" data-element_type=\"section\" data-e-type=\"section\" data-settings=\"{&quot;background_background&quot;:&quot;classic&quot;,&quot;animation&quot;:&quot;fadeIn&quot;}\">\n\t\t\t\t\t\t<div class=\"elementor-container elementor-column-gap-no\">\n\t\t\t\t\t<div class=\"elementor-column elementor-col-100 elementor-top-column elementor-element elementor-element-8878c7b\" data-id=\"8878c7b\" data-element_type=\"column\" data-e-type=\"column\">\n\t\t\t<div class=\"elementor-widget-wrap elementor-element-populated\">\n\t\t\t\t\t\t<div class=\"elementor-element elementor-element-cfec361 elementor-widget elementor-widget-elementskit-heading\" data-id=\"cfec361\" data-element_type=\"widget\" data-e-type=\"widget\" data-widget_type=\"elementskit-heading.default\">\n\t\t\t\t\t<div class=\"ekit-wid-con\" ><div class=\"ekit-heading elementskit-section-title-wraper text_center   ekit_heading_tablet-   ekit_heading_mobile-\"><h1 class=\"ekit-heading--title elementskit-section-title \">Pol\u00edtica de privacidad<\/h1><\/div><\/div>\t\t\t\t<\/div>\n\t\t\t\t\t<\/div>\n\t\t<\/div>\n\t\t\t\t\t<\/div>\n\t\t<\/section>\n\t\t<div class=\"elementor-element elementor-element-d60ac67 e-flex e-con-boxed e-con e-parent\" data-id=\"d60ac67\" data-element_type=\"container\" data-e-type=\"container\">\n\t\t\t\t\t<div class=\"e-con-inner\">\n\t\t\t\t<div class=\"elementor-element elementor-element-181b73b elementor-widget elementor-widget-html\" data-id=\"181b73b\" data-element_type=\"widget\" data-e-type=\"widget\" data-widget_type=\"html.default\">\n\t\t\t\t\t<div class=\"text-block\" >\r\n\r\n<\/div>\r\n<script> \r\n \r\nlet textBlock = document.querySelector(\".text-block\") \r\n\r\nlet company = \"LETICIA HIDALGO MONEDERO\";\r\nlet websiteUrl = \"https:\/\/leticiahidalgo.com\/\";\r\nlet nif = \"71279158L\";\r\nlet email = \"lhmonedero@gmail.com\";\r\nlet socialActivity = \"\";\r\n\r\nlet txt = `\r\n<span style=\"font-weight: bold; letter-spacing: -0.27px; color: var( --e-global-color-primary ); font-family: var( --e-global-typography-b2ce6af-font-family ), Sans-serif; font-size: var( --e-global-typography-b2ce6af-font-size ); font-style: var( --e-global-typography-b2ce6af-font-style ); text-transform: var( --e-global-typography-b2ce6af-text-transform ); word-spacing: var( --e-global-typography-b2ce6af-word-spacing );\">${company}<\/span><em>, <\/em>como responsable del presente Sitio Web, ha adecuado esta web a las exigencias de la LOPD (Ley Org\u00e1nica de Protecci\u00f3n de Datos) y a la LSSI-CE (Ley de la Sociedad de la informaci\u00f3n y el Comercio Electr\u00f3nico)\r\n\r\nDe conformidad con lo dispuesto en la Ley Org\u00e1nica 15\/1999, de 13 de diciembre, de Protecci\u00f3n de Datos de Car\u00e1cter Personal,\u00a0<span style=\"font-weight: bold; letter-spacing: -0.27px;\">${company}<\/span>, con NIF: <span style=\"letter-spacing: -0.27px;\"><b>${nif}<\/b><\/span>, informa al Usuario de que es titular de un fichero de \u201cUsuarios de la web y suscriptores\u201d inscrito ante el R.G.P.D. (Registro General de Protecci\u00f3n de Datos), en los que sus datos quedan incorporados y son tratados con el fin de prestarle los servicios solicitados y enviarle la informaci\u00f3n acerca de nuestra empresa que pueda ser de su inter\u00e9s.\r\n\r\n<span style=\"font-weight: bold; letter-spacing: -0.27px; color: var( --e-global-color-primary ); font-family: var( --e-global-typography-b2ce6af-font-family ), Sans-serif; font-size: var( --e-global-typography-b2ce6af-font-size ); font-style: var( --e-global-typography-b2ce6af-font-style ); text-transform: var( --e-global-typography-b2ce6af-text-transform ); word-spacing: var( --e-global-typography-b2ce6af-word-spacing );\">${company}<\/span><em>\u00a0<\/em>ha adoptado todas las medidas t\u00e9cnicas y de organizaci\u00f3n necesarias para garantizar la seguridad e integridad de los datos de car\u00e1cter personal que trate, as\u00ed como para evitar su p\u00e9rdida, alteraci\u00f3n y\/o acceso por parte de terceros no autorizados.\r\n<h5>Finalidad de los datos recabados y consentimiento al tratamiento<\/h5>\r\nSe informa al Usuario, seg\u00fan lo establecido en el art\u00edculo 5\u00a0 de la LOPD que, a trav\u00e9s de los formularios de contacto, o suscripciones se recaban datos que se almacenan en el fichero antes indicado, con las siguientes finalidades:\r\n<ul>\r\n \t<li>Remitir el bolet\u00edn de noticias de la p\u00e1gina web.<\/li>\r\n \t<li>Tramitar encargos, solicitudes o cualquier tipo de petici\u00f3n que sea realizada por el usuario a trav\u00e9s de cualquiera de las formas de contacto que se ponen a su disposici\u00f3n en el Sitio Web.<\/li>\r\n \t<li>Remisi\u00f3n de comunicaciones comerciales publicitarias por email relacionadas sobre productos o servicios ofrecidos por\u00a0<span style=\"font-weight: bold; letter-spacing: -0.27px;\">${company}<\/span>, as\u00ed como por parte de los colaboradores o partners con los que \u00e9ste hubiera alcanzado alg\u00fan acuerdo de promoci\u00f3n comercial entre sus clientes. En este caso, los terceros nunca tendr\u00e1n acceso a los datos personales. En todo caso las comunicaciones comerciales ser\u00e1n realizadas por parte del Prestador y ser\u00e1n productos y servicios relacionados con el sector del Prestador.<\/li>\r\n \t<li>Realizar estudios estad\u00edsticos.<\/li>\r\n<\/ul>\r\nLos datos que se solicitan a trav\u00e9s del Sitio Web son obligatorios, ya que son necesarios para la prestaci\u00f3n de un servicio \u00f3ptimo al Usuario. En caso de que no sean facilitados todos los datos, el prestador no garantiza que la informaci\u00f3n y servicios facilitados sean completamente ajustados a sus necesidades.\r\n\r\nEl Usuario es el \u00fanico responsable de la veracidad y correcci\u00f3n de los datos que remita a al prestador, exonerando a \u00e9ste de cualquier responsabilidad al respecto. Los Usuarios garantizan y responden, en cualquier caso, de la exactitud, vigencia y autenticidad de los datos personales facilitados, y se comprometen a mantenerlos debidamente actualizados. El Usuario acepta proporcionar informaci\u00f3n completa y correcta en el formulario de contacto o suscripci\u00f3n.\r\n\r\nLa aceptaci\u00f3n de la pol\u00edtica de privacidad, mediante el procedimiento establecido de opt-in, se entender\u00e1 a todos los efectos como la prestaci\u00f3n de CONSENTIMIENTO T\u00c1CITO E INEQU\u00cdVOCO del Usuario al tratamiento de los datos de car\u00e1cter personal en los t\u00e9rminos que se exponen en el presente documento, as\u00ed como a la transferencia internacional de datos que se produce, exclusivamente debido a la ubicaci\u00f3n de las instalaciones de los proveedores de servicios y encargados del tratamiento de datos.\r\n<h5>Ejercicio de derechos arco: Acceso, Rectificaci\u00f3n, Cancelaci\u00f3n y Oposici\u00f3n<\/h5>\r\nEl Usuario podr\u00e1 dirigir sus comunicaciones y ejercitar los derechos de acceso, rectificaci\u00f3n, cancelaci\u00f3n y oposici\u00f3n a trav\u00e9s del correo electr\u00f3nico: <a href=\"mailto:${email}\"><b>${email}<span style=\"font-family: var( --e-global-typography-text-font-family ), Sans-serif; font-size: var( --e-global-typography-text-font-size ); letter-spacing: -0.015em; text-transform: var( --e-global-typography-text-text-transform ); background-color: var( --e-global-color-dae4b67 );\"><\/span><\/b><\/a>\u00a0junto con prueba v\u00e1lida en derecho, como fotocopia del D.N.I. o equivalente, indicando en el asunto \u201cProtecci\u00f3n de Datos\u201d.\r\n\r\nDel mismo modo, el Usuario podr\u00e1 darse de baja de cualquiera de los servicios de suscripci\u00f3n facilitados haciendo clic en el apartado de darse de baja de todos los correos electr\u00f3nicos remitidos por parte del prestador.\r\n\r\nSi recibe los citados correos electr\u00f3nicos es que ha dado su autorizaci\u00f3n previa, ya que el prestador no realiza pr\u00e1cticas de SPAM.\r\n<h5>Responsable del fichero y encargados del tratamiento<\/h5>\r\nEl responsable del fichero es\u00a0<span style=\"font-weight: bold; letter-spacing: -0.27px;\">${company}<\/span>.\r\n\r\nEncargados del tratamiento:\r\n<ul>\r\n \t<li>Hosting:\u00a0<strong>Jmj Inform\u00e1tica<\/strong>, con domicilio social en C. Condesa Menc\u00eda, 167, 09006 Burgos. Se puede consultar la pol\u00edtica de privacidad y dem\u00e1s aspectos legales de la compa\u00f1\u00eda en el siguiente enlace:\u00a0<a href=\"https:\/\/www.jmj.es\/legal.htm\">https:\/\/www.jmj.es\/legal.htm<\/a><\/li>\r\n \r\n<\/ul>\r\n<h5><\/h5>\r\n<h5>Redes sociales<\/h5>\r\n<span style=\"font-weight: bold; letter-spacing: -0.27px; color: var( --e-global-color-primary ); font-family: var( --e-global-typography-b2ce6af-font-family ), Sans-serif; font-size: var( --e-global-typography-b2ce6af-font-size ); font-style: var( --e-global-typography-b2ce6af-font-style ); text-transform: var( --e-global-typography-b2ce6af-text-transform ); word-spacing: var( --e-global-typography-b2ce6af-word-spacing );\">${company}<\/span><em>\u00a0<\/em>ofrece al Usuario enlaces y servicio relacionados con las diferentes redes sociales. Por lo que si eres miembro de una red social y haces clic sobre el correspondiente enlace, el proveedor de la red social podr\u00e1 enlazar tus datos de perfil con la informaci\u00f3n de tu visita a la web.\r\n\r\nPuedes acceder en todo momento a las pol\u00edticas de privacidad de las diferentes redes sociales, as\u00ed como configurar tu perfil para garantizar tu privacidad:\r\n<ul>\r\n \t<li>Facebook:\u00a0<a href=\"https:\/\/www.facebook.com\/about\/privacy\/\">https:\/\/www.facebook.com\/about\/privacy\/<\/a><\/li>\r\n \t<li>Twitter:\u00a0<a href=\"https:\/\/twitter.com\/es\/privacy\">https:\/\/twitter.com\/es\/privacy<\/a><\/li>\r\n \t<li>LinkedIn:\u00a0<a href=\"https:\/\/www.linkedin.com\/legal\/privacy-policy\">https:\/\/www.linkedin.com\/legal\/privacy-policy<\/a><\/li>\r\n<\/ul>\r\n<div><\/div>\r\n<h5>Modificaci\u00f3n de la pol\u00edtica de privacidad<\/h5>\r\n<span style=\"font-weight: bold; letter-spacing: -0.27px; color: var( --e-global-color-primary ); font-family: var( --e-global-typography-b2ce6af-font-family ), Sans-serif; font-size: var( --e-global-typography-b2ce6af-font-size ); font-style: var( --e-global-typography-b2ce6af-font-style ); text-transform: var( --e-global-typography-b2ce6af-text-transform ); word-spacing: var( --e-global-typography-b2ce6af-word-spacing );\">${company}<\/span><em>\u00a0<\/em>se reserva el derecho a modificar la presente pol\u00edtica para adaptarla a novedades legislativas o jurisprudenciales as\u00ed como a pr\u00e1cticas de la industria. En dichos supuestos, el Prestador anunciar\u00e1 en esta p\u00e1gina los cambios introducidos con razonable antelaci\u00f3n a su puesta en pr\u00e1ctica\r\n`\r\n\r\ntextBlock.innerHTML= txt\r\n\r\n<\/script>\r\n<style>\r\n\r\n    p, h5, b, a {\r\n        font-family: \"Chillax\", Sans-serif;\r\n        font-weight: 400;\r\n    }\r\n   .text-block {\r\n       padding: 80px 20px\r\n   }\r\n   \r\n<\/style>\t\t\t\t<\/div>\n\t\t\t\t\t<\/div>\n\t\t\t\t<\/div>\n\t\t\t\t<\/div>\n\t\t","protected":false},"excerpt":{"rendered":"","protected":false},"author":1,"featured_media":0,"parent":0,"menu_order":0,"comment_status":"closed","ping_status":"closed","template":"elementor_header_footer","meta":{"footnotes":""},"class_list":["post-30","page","type-page","status-publish","hentry"],"_links":{"self":[{"href":"https:\/\/leticiahidalgo.com\/index.php?rest_route=\/wp\/v2\/pages\/30","targetHints":{"allow":["GET"]}}],"collection":[{"href":"https:\/\/leticiahidalgo.com\/index.php?rest_route=\/wp\/v2\/pages"}],"about":[{"href":"https:\/\/leticiahidalgo.com\/index.php?rest_route=\/wp\/v2\/types\/page"}],"author":[{"embeddable":true,"href":"https:\/\/leticiahidalgo.com\/index.php?rest_route=\/wp\/v2\/users\/1"}],"replies":[{"embeddable":true,"href":"https:\/\/leticiahidalgo.com\/index.php?rest_route=%2Fwp%2Fv2%2Fcomments&post=30"}],"version-history":[{"count":7,"href":"https:\/\/leticiahidalgo.com\/index.php?rest_route=\/wp\/v2\/pages\/30\/revisions"}],"predecessor-version":[{"id":219,"href":"https:\/\/leticiahidalgo.com\/index.php?rest_route=\/wp\/v2\/pages\/30\/revisions\/219"}],"wp:attachment":[{"href":"https:\/\/leticiahidalgo.com\/index.php?rest_route=%2Fwp%2Fv2%2Fmedia&parent=30"}],"curies":[{"name":"wp","href":"https:\/\/api.w.org\/{rel}","templated":true}]}}